t g = -112 - j. Let a(k) = k**2 + 3*k + 4. Calculate a(g).
4
Let r(a) = -a**2 - 2*a. Let n(c) = -3*c**2 - c - 15. Let o(h) = -n(h) + 6*r(h). Let v be o(-5). Let l(b) = 2*b + 1. What is l(v)?
-9
Let l(y) = -y**2 - 5*y - 5. Let k(a) = -a**2 - 7*a + 9. Let b be k(-8). Let d(i) = 17*i**2 - b - 18*i**2 - 5 - 6*i. Let h(s) = -6*d(s) + 7*l(s). What is h(0)?
1
Let p(d) = 333 - 48*d - 631 + 324. Let g(i) = 17*i - 9. Let o(a) = -17*g(a) - 6*p(a). Let y(s) = -s**3 - 3*s**2 + 2*s + 2. Let l be y(-3). Determine o(l).
1
Suppose 5*k - 39 + 29 = 0, 2*k + 24 = -4*g. Let n(z) = -2*z**2 - 12*z - 11. Calculate n(g).
-25
Let z(a) = a**2 + 12*a - 70. Suppose -464 = 198*w - 169*w. Calculate z(w).
-6
Let w(r) be the first derivative of -r**4/4 + 4*r**3/3 + r**2/2 + r + 658. Determine w(4).
5
Let q(x) = 57*x - 3. Suppose -5*i + 4*i + 7*i - 6 = 0. Determine q(i).
54
Let f = 161 + -554. Let d = f - -396. Let q(o) be the third derivative of -o**6/120 + o**5/60 + o**4/12 + 2*o**2. What is q(d)?
-12
Let z(m) = -1594*m - 1594*m + 3192*m. Give z(-7).
-28
Let r(t) = -t**2 - 96 + 290 - 95 - 97 + 5*t. Give r(-3).
-22
Let c = 462 + -443. Suppose 0 = -c*h + 6*h - 39. Let g(p) = p**2 + 1. Let i(w) = -2*w**2 + 2*w - 6. Let k(q) = -3*g(q) - i(q). Give k(h).
0
Let s be ((-12)/(-10))/(((-9)/60)/((-5)/20)). Let n(w) be the first derivative of 4*w - 30 + 1/4*w**4 + 2*w**s + 5/3*w**3. Determine n(-4).
4
Suppose 24*m + 21*m = 34*m - 66. Let p(n) = 56*n + 338. Determine p(m).
2
Let x(o) be the third derivative of o**6/60 - o**5/10 + o**4/6 - o**3 - 2*o**2 + 78*o. Calculate x(4).
42
Let s(w) = 2*w**2 + 1 - w + 1 + 2. Let y(d) be the third derivative of -d**5/20 + d**4/24 - 7*d**3/6 - 46*d**2. Let i(t) = 5*s(t) + 3*y(t). Give i(2).
-1
Let k(r) = 6*r + 418*r**2 - 6 - 701*r**2 + 282*r**2 - r. Suppose -5*v - 2*s + 26 + 7 = 0, -v + 1 = -s. What is k(v)?
-6
Let u(p) = 5*p**2 + 10*p - 1. Let o(w) = -6*w**2 - 11*w + 2. Let r(s) = 4*o(s) + 5*u(s). Suppose 57*q - 8 = 59*q. What is r(q)?
-5
Let z(f) = f**3 + 6*f**2 - 71*f + 16. Let o be -7 - (48/20 + -3 + (-1960)/(-350)). What is z(o)?
4
Let b(d) = -5*d**2 + 6. Let x(r) = -20*r**2 - 15*r + 17 + 6*r**2 + 16*r. Let z(i) = -11*b(i) + 4*x(i). Give z(6).
-10
Let t(v) = 5*v**2 + 8*v - 21. Let l(z) = -11*z**2 - 15*z + 43. Let x(g) = 6*l(g) + 13*t(g). Let s be 2 + (-2552)/58 + 56. Determine x(s).
-15
Let m(y) = -5*y**2 - y - 1. Let b(n) = -n + 17. Let c = 43 - 36. Let i be b(c). Suppose -9*h = h + i. Calculate m(h).
-5
Let d(p) = -p - 12 - 9 + 20 - 12 + 12 + 3*p**2. Determine d(-3).
29
Suppose 825 = 193*a + 246. Let i = 11 - 7. Suppose -i*l - 2*q - 32 = 0, -a*l + 3 = 4*q + 32. Let d(m) = m - 8. Determine d(l).
-15
Let a(o) = -o + 2. Let x(h) = -h + 5. Let i(g) = 5*a(g) - 4*x(g). Determine i(-3).
-7
Let m(j) = -7*j - 61. Suppose -5*u - 35 = 4*i + 7, 0 = -3*u + 4*i - 6. Determine m(u).
-19
Suppose -12 = -4*i, -3*i = 5*b + i + 188. Let h = b - -37. Let o(d) = d**2 - 3 + 3 - 1 + 4*d. What is o(h)?
-4
Let a(h) = -30*h - 2*h + 271*h**2 - 131*h**2 + 2*h + 58 - 127*h**2 - h**3. What is a(11)?
-30
Let y(q) = -15*q**3 - 1. Let i = -88 - -89. Suppose -2*a = i - 49. Suppose -7*g = 17 - a. Calculate y(g).
-16
Suppose -172 = -2*o - 3*b, -64 = -o + 2*b + 2*b. Suppose -81*d = -o*d - 21. Let m be 159/d - 12/21. Let k(s) = -s**3 + 7*s**2 - 3*s + 2. Determine k(m).
-19
Let x(t) = -t**3 - 5*t**2 + t + 8. Let d be (0 - -62) + 1/(-1). Let s(f) = 1029*f + 3150. Let r be s(-3). Suppose r*p + 10 = d*p. Calculate x(p).
3
Let b(d) = 9*d + 22. Suppose 16 = 2*k + 12, -4*j - k = -42. What is b(j)?
112
Let i be (6/(-4))/(-12*8/(-192)). Let t(u) = -2*u - 12. Let l(m) = -3*m - 27. Let v(d) = i*l(d) + 7*t(d). Give v(2).
-13
Let o(m) = 5*m**2 - m + 3. Let z(t) = 54*t**2 + 12*t + 42. Let i(x) = 12*o(x) - z(x). What is i(4)?
-6
Let o(h) = 162 - 72 + 2*h - 67 + 23*h - 12*h. What is o(-3)?
-16
Let c(a) = 2*a + 4. Suppose -4*p + 5*b - 10 = 8, 5*p + 5*b = 0. Let d be ((3 - 0) + p)*(-1 - -4). Suppose 3*y + 2*f + 7 = 0, d*y - 2*f = 2*y - 13. What is c(y)?
-6
Let w be (9/(-4))/(3/324*3). Let y = 78 + w. Let z be ((-1)/y + 4/(-6))*-3. Let k(t) = -2*t. Give k(z).
-2
Let z(p) = p**3 + 6*p**2 + 13*p + 13. Let o(y) = -y**3 + 8*y**2 - 4*y - 13. Let d be o(7). Suppose -m = m + d. Let x be z(m). Let j(f) = -f - 6. Give j(x).
1
Let y(d) = -13*d**3 - d**2 + 9*d + 8. Let t(h) = -16*h**3 + 8*h + 9. Let w(r) = -4*t(r) + 5*y(r). Let x be -9 - (30/(-135) + (-32)/18). Determine w(x).
11
Let x(y) be the third derivative of y**5/60 + y**4/24 - 2*y**2 - 15. Let a(r) = 3*r**2 + 7*r - 7. Let w(f) = -a(f) + 2*x(f). What is w(-5)?
7
Let f(u) = u**3 - u**2 + 2*u - 1. Let t(m) = 2*m**2 + 5*m - 14. Let o be t(-8). Suppose 75*s - 1 = o*s. What is f(s)?
1
Suppose 4*g - 9 + 1 = 0, -9*c - 19*g + 41 = -21*g. Let o(p) be the third derivative of p**5/30 - 5*p**4/12 - 7*p**3/6 - p**2. Give o(c).
-7
Let s(w) = w**3 - 13*w**2 + 22*w + 14. Let h be 3*1276/348*-1*(1 + -2). Determine s(h).
14
Let y(h) be the third derivative of h**6/120 - 23*h**5/60 + h**4/24 - 53*h**3/6 + 3564*h**2. Calculate y(23).
-30
Let s(f) = 3*f**2 + 72 + 2*f**2 + 511*f - f**2 - 540*f - 3*f**2. Give s(26).
-6
Suppose 3*k = 351 + 450. Let c(a) = -a**2 + a - k + 535 - 271. Let f = -12 + 15. Give c(f).
-9
Let a(f) = f. Let q(v) = -4*v + 2. Let y(j) = -3*a(j) - q(j). Let p = 144 + -24. Suppose p*h + 50 = 125*h. Determine y(h).
8
Let g(z) = -5*z**2 + z. Let i(r) = -9*r**2 + 2*r. Let f be -87 - (1 - 7) - (0 + -1). Let u be -2 + 6 - f/(-8). Let b(q) = u*i(q) + 13*g(q). Calculate b(1).
-10
Let g(k) = -3*k - 30. Suppose -2*y - 10 + 3 = 5*n, -2*n = -5*y - 32. Determine g(y).
-12
Let j(o) = -o + 5. Suppose 2*h + 8 = 6*h. Suppose -4*k + 9 = -f - 11, 0 = -5*k - 5*f + 50. Suppose s = h*s - k. Determine j(s).
-1
Suppose -21 = -7*v - 35. Let p(o) = 7*o + 21. Let u be p(v). Let q(c) = c**2 - 7*c + 5. Calculate q(u).
5
Let d(g) be the first derivative of g**2/2 + 5*g + 1. Let v = -81310 + 81304. Calculate d(v).
-1
Let u(l) = 22*l**2 - 16*l + 30. Let m(z) = 81*z**2 - 63*z + 119. Let d(y) = -3*m(y) + 11*u(y). Calculate d(3).
3
Let p(c) = c**2 - 3*c + 54. Let n be (-1*(0 + 0))/(4*11/(-44)). Calculate p(n).
54
Let p(c) = -2*c + 2*c - 5 + 2*c. Suppose -5*k + 4*r + 113 = 21, 0 = 3*r + 9. Suppose -2*u = -6*u + k, -5*u = -3*b - 8. Calculate p(b).
3
Let b(i) = 3*i. Suppose -3*p = -12, 0 = n + 4*n + 2*p - 168. Suppose -n*q + 26*q + 6 = 0. Calculate b(q).
3
Suppose -5*a - 3*c - 20 = 0, 3*a - 56*c = -59*c - 6. Let w(m) = -2*m - m - 23 + 5. Give w(a).
3
Let v(c) = 2*c + 2. Let l(w) = -2*w - 3. Let q(d) = -2*l(d) - 3*v(d). Let b(j) = -j + 279. Let h be b(13). Let s = -269 + h. Give q(s).
6
Let k(b) = b**2 + 7*b + 4. Suppose -8 = 13*u - 17*u. Suppose -u*m + 30 = 28. Suppose m = v, d - 3*d - v = 9. Calculate k(d).
-6
Let j(p) = -p**3 + 50*p**2 + 45*p + 270. Let c be j(51). Let r(l) = -3*l**2 - 108*l + 6. Give r(c).
6
Let l(z) = z - 8. Let m(p) = p - 2. Suppose 4*y + 15 = -1. Let t = 2 - y. Let g be m(t). Calculate l(g).
-4
Let r(s) = s + 1. Suppose 0*d + 1068 = 4*d - 2*n, -d + 264 = n. Let p = 269 - d. Give r(p).
4
Let p(w) = 17*w**3 + 22*w**2 - 32*w - 64. Let u(s) = -12*s**3 - 15*s**2 + 22*s + 43. Let m(x) = 5*p(x) + 7*u(x). Determine m(-4).
21
Let s be (-8)/(-1) + -112 + 104. Let q(k) = -k**3 + 3*k**2 + 3. Give q(s).
3
Let t(u) = -5*u + 10*u + 1 + 0 + u**2. Suppose 4*b + 22*m = 21*m - 19, 2*b - 5*m = -15. Give t(b).
1
Let l(m) = -8*m - 15. Suppose 0 = -z + 2*g - 2361 + 2348, -3*g = -4*z - 52. Calculate l(z).
89
Let y(t) = 0 + 2*t**2 + 2 + 27*t**2 - 3*t**2 + t. Let z(s) = -53*s**2 - 2*s - 5. Let g(u) = -5*y(u) - 2*z(u). Calculate g(1).
-25
Let l(b) be the second derivative of -5/24*b**4 + 1/20*b**5 - 25*b + 0 + 0*b**2 + 1/360*b**6 + 7/6*b**3. Let a(o) be the second derivative of l(o). Give a(-6).
-5
Let u(k) = -k**3 + 8*k**2 + 8*k + 4. Suppose 0 = 8*m - 16*m - 48. Let z be m/3*-2*18/8. Calculate u(z).
-5
Let t be 4/5*75/10. Let p(o) be the third derivative of o**4/12 - 5*o**3/3 - 10212*o**2. Determine p(t).
2
Suppose 2*f + 11*b - 6*b - 30 = 0, 3*b = 5*f + 18. Let q(k) = k**3 - 6*k - 6. Determine q(f).
-6
Let k(u) = -44*u + 4 - 43*u - 39*u + 161*u - 40*u. Calculate k(19).
-91
Let i(j) = j**2 + 9*j - 22. Let w be i(-11). Suppose 2*u + 0 - 1 = -3*x, 5*u = -5. Let r(p) = x + 4*p - 3*p - 2*p**3 + w*